{"id":4650,"date":"2019-12-10T17:19:07","date_gmt":"2019-12-10T17:19:07","guid":{"rendered":"http:\/\/kilkennycastle.ie\/oideachas\/"},"modified":"2021-02-22T09:47:54","modified_gmt":"2021-02-22T09:47:54","slug":"oideachas","status":"publish","type":"page","link":"https:\/\/www.kilkennycastle.ie\/ga\/oideachas\/","title":{"rendered":"Oideachas"},"content":{"rendered":"<p>[et_pb_section fb_built=&#8221;1&#8243; fullwidth=&#8221;on&#8221; _builder_version=&#8221;3.22&#8243;][et_pb_fullwidth_header title=&#8221;Oideachas&#8221; subhead=&#8221;Beala\u00ed \u00c9ags\u00fala le Pl\u00e9 len\u00e1r mBaili\u00fach\u00e1n&#8221; text_orientation=&#8221;center&#8221; header_fullscreen=&#8221;on&#8221; header_scroll_down=&#8221;on&#8221; scroll_down_icon=&#8221;%%0%%&#8221; scroll_down_icon_size=&#8221;25px&#8221; background_overlay_color=&#8221;rgba(0,0,0,0.33)&#8221; _builder_version=&#8221;3.19.17&#8243; title_font_size=&#8221;50px&#8221; subhead_font_size=&#8221;23px&#8221; background_color=&#8221;rgba(255, 255, 255, 0)&#8221; background_image=&#8221;http:\/\/kilkennycastle.ie\/wp-content\/uploads\/2019\/02\/education-banner.jpg&#8221; max_width_tablet=&#8221;50px&#8221; button_one_text_size__hover_enabled=&#8221;off&#8221; button_one_text_size__hover=&#8221;null&#8221; button_two_text_size__hover_enabled=&#8221;off&#8221; button_two_text_size__hover=&#8221;null&#8221; button_one_text_color__hover_enabled=&#8221;off&#8221; button_one_text_color__hover=&#8221;null&#8221; button_two_text_color__hover_enabled=&#8221;off&#8221; button_two_text_color__hover=&#8221;null&#8221; button_one_border_width__hover_enabled=&#8221;off&#8221; button_one_border_width__hover=&#8221;null&#8221; button_two_border_width__hover_enabled=&#8221;off&#8221; button_two_border_width__hover=&#8221;null&#8221; button_one_border_color__hover_enabled=&#8221;off&#8221; button_one_border_color__hover=&#8221;null&#8221; button_two_border_color__hover_enabled=&#8221;off&#8221; button_two_border_color__hover=&#8221;null&#8221; button_one_border_radius__hover_enabled=&#8221;off&#8221; button_one_border_radius__hover=&#8221;null&#8221; button_two_border_radius__hover_enabled=&#8221;off&#8221; button_two_border_radius__hover=&#8221;null&#8221; button_one_letter_spacing__hover_enabled=&#8221;on&#8221; button_one_letter_spacing__hover=&#8221;0&#8243; button_two_letter_spacing__hover_enabled=&#8221;on&#8221; button_two_letter_spacing__hover=&#8221;0&#8243; button_one_bg_color__hover_enabled=&#8221;off&#8221; button_one_bg_color__hover=&#8221;null&#8221; button_two_bg_color__hover_enabled=&#8221;off&#8221; button_two_bg_color__hover=&#8221;null&#8221;][\/et_pb_fullwidth_header][\/et_pb_section][et_pb_section fb_built=&#8221;1&#8243; _builder_version=&#8221;3.22&#8243;][et_pb_row _builder_version=&#8221;4.9.0&#8243; background_size=&#8221;initial&#8221; background_position=&#8221;top_left&#8221; background_repeat=&#8221;repeat&#8221; hover_enabled=&#8221;0&#8243; column_structure=&#8221;3_5,2_5&#8243; sticky_enabled=&#8221;0&#8243;][et_pb_column type=&#8221;3_5&#8243; _builder_version=&#8221;3.0.47&#8243; custom_padding=&#8221;|||&#8221; custom_padding__hover=&#8221;|||&#8221;][et_pb_text admin_label=&#8221;Free Visits Text&#8221; _builder_version=&#8221;3.27.4&#8243; background_size=&#8221;initial&#8221; background_position=&#8221;top_left&#8221; background_repeat=&#8221;repeat&#8221; use_border_color=&#8221;off&#8221;]<\/p>\n<h3>Teaghlaig<\/h3>\n<p>&nbsp;<\/p>\n<p>T\u00e1 raon leathan d\u2019imeachta\u00ed spra\u00ed\u00fala don uile dhuine sa teaghlach le f\u00e1il i gCaisle\u00e1n Chill Chainnigh. T\u00e1 \u00e1r mbileoga gn\u00edomha\u00edochta le f\u00e1il saor in aisce agus is f\u00e9idir iad a \u00edosl\u00f3d\u00e1il ag an leathanach a leanas<\/p>\n<p>T\u00e1 spraoi agus spleodar in\u00e1r mbileoga oibre do thuismitheoir\u00ed agus do leana\u00ed araon. Cuideoidh na bileoga oibre leat \u00e9achtaint a fh\u00e1il ar na seomra\u00ed seanr\u00e9 Victeoiriacha, sciuird a thabhairt ar an gCaisle\u00e1n agus n\u00edos m\u00f3 a fhoghlaim faoi mhuintir Buitl\u00e9ar a mhair anseo tr\u00e1th.<\/p>\n<p>T\u00e1 ceardlanna agus imeachta\u00ed aonaracha anseo againn i gcaitheamh na bliana chomh maith.<\/p>\n<p>Caith s\u00fail ar \u00e1r rann\u00f3g Cad At\u00e1 Ar Si\u00fal chun a bheith suas le d\u00e1ta linn.<\/p>\n<p>&nbsp;<\/p>\n<p>[\/et_pb_text][\/et_pb_column][et_pb_column type=&#8221;2_5&#8243; _builder_version=&#8221;3.0.47&#8243; custom_padding=&#8221;|||&#8221; custom_padding__hover=&#8221;|||&#8221;][et_pb_gallery _builder_version=&#8221;4.9.0&#8243; _module_preset=&#8221;default&#8221; gallery_ids=&#8221;5741&#8243; hover_enabled=&#8221;0&#8243; sticky_enabled=&#8221;0&#8243;][\/et_pb_gallery][\/et_pb_column][\/et_pb_row][et_pb_row _builder_version=&#8221;3.25&#8243; background_size=&#8221;initial&#8221; background_position=&#8221;top_left&#8221; background_repeat=&#8221;repeat&#8221; column_structure=&#8221;3_5,2_5&#8243;][et_pb_column type=&#8221;3_5&#8243; _builder_version=&#8221;3.0.47&#8243; custom_padding=&#8221;|||&#8221; custom_padding__hover=&#8221;|||&#8221;][et_pb_text admin_label=&#8221;Free Visits Text&#8221; _builder_version=&#8221;3.27.4&#8243; background_size=&#8221;initial&#8221; background_position=&#8221;top_left&#8221; background_repeat=&#8221;repeat&#8221; use_border_color=&#8221;off&#8221;]<\/p>\n<h3>Scoileanna<\/h3>\n<p>Faoi Sc\u00e9im um Chuairteanna Oideachais Saor in Aisce do Scoileanna an OOP cuirimid cuairteanna ar Chaisle\u00e1n Chill Chainnigh ar f\u00e1il saor in aisce do bhunscoileanna agus iarbhunscoileanna. (R\u00e9amh\u00e1irithint riachtanach).<\/p>\n<p>Chun cuairt a chur in \u00e1irithe n\u00f3 le haghaidh tuilleadh eolais, b\u00ed i dteagmh\u00e1il le h\u00c1irithint\u00ed Gr\u00fapa<\/p>\n<p>Teil. 056 770 4106<\/p>\n<p>Rphost: bookingskilkennycastle@opw.ie<\/p>\n<p>Eolas sa bhreis ar an Sc\u00e9im um Chuairteanna Oideachais Saor in Aisce do Scoileanna:<\/p>\n<p><a href=\"http:\/\/www.heritageireland.ie\/\" target=\"_blank\" rel=\"noopener noreferrer\">www.heritageireland.ie<\/a><\/p>\n<p><a href=\"http:\/\/kilkennycastle.ie\/wp-content\/uploads\/2018\/11\/caislean-chill-chainnigh-treoir-do-chuairteoiri.pdf\">Caisle\u00e1n Chill Chainnigh Treoir do Chuairteoir\u00ed<\/a> (PDF)<br \/>\n[\/et_pb_text][\/et_pb_column][et_pb_column type=&#8221;2_5&#8243; _builder_version=&#8221;3.0.47&#8243; custom_padding=&#8221;|||&#8221; custom_padding__hover=&#8221;|||&#8221;][et_pb_image src=&#8221;http:\/\/kilkennycastle.ie\/wp-content\/uploads\/2018\/11\/Tree-day.jpg&#8221; show_in_lightbox=&#8221;on&#8221; align_tablet=&#8221;center&#8221; align_phone=&#8221;&#8221; align_last_edited=&#8221;on|desktop&#8221; admin_label=&#8221;Park Image&#8221; _builder_version=&#8221;3.23&#8243;][\/et_pb_image][\/et_pb_column][\/et_pb_row][et_pb_row _builder_version=&#8221;3.25&#8243; background_size=&#8221;initial&#8221; background_position=&#8221;top_left&#8221; background_repeat=&#8221;repeat&#8221;][et_pb_column type=&#8221;4_4&#8243; _builder_version=&#8221;3.0.47&#8243; custom_padding=&#8221;|||&#8221; custom_padding__hover=&#8221;|||&#8221;][et_pb_text _builder_version=&#8221;3.27.4&#8243;]<\/p>\n<h3>Daoine F\u00e1sta agus an Pobal<\/h3>\n<p>T\u00e1 cl\u00e1r imeachta\u00ed f\u00edorsp\u00e9isi\u00fail do leana\u00ed agus do dhaoine f\u00e1sta le sp\u00e9iseanna, riachtanais agus st\u00edleanna foghlamtha \u00e9ags\u00fala ar bun i gc\u00f3na\u00ed ag Caisle\u00e1n Chill Chainnigh. T\u00e1 cainteanna, l\u00e9achta\u00ed agus ceardlanna san \u00e1ireamh sa chl\u00e1r. T\u00e1 na gn\u00edomha\u00edochta\u00ed oideachas\u00fala go l\u00e9ir saor in aisce agus ba bhre\u00e1 linn t\u00fa a fheice\u00e1il ann!<\/p>\n<p>F\u00e9ach ar \u00e1r bhF\u00e9ilire n\u00f3 seice\u00e1il \u00e1r su\u00edomh Facebook maidir le cainteanna agus ceardlanna at\u00e1 le teacht.<\/p>\n<p>T\u00e1 na himeachta\u00ed go l\u00e9ir saor in aisce ach is g\u00e1 \u00e1irithint a dh\u00e9anamh uaireanta. B\u00ed i dteagmh\u00e1il linn chun \u00e1it a chur in \u00e1irithe.<br \/>\n[\/et_pb_text][\/et_pb_column][\/et_pb_row][et_pb_row _builder_version=&#8221;3.25&#8243; background_size=&#8221;initial&#8221; background_position=&#8221;top_left&#8221; background_repeat=&#8221;repeat&#8221;][et_pb_column type=&#8221;4_4&#8243; _builder_version=&#8221;3.0.47&#8243; custom_padding=&#8221;|||&#8221; custom_padding__hover=&#8221;|||&#8221;][et_pb_gallery gallery_ids=&#8221;4679,4677,4675,4673&#8243; zoom_icon_color=&#8221;#800020&#8243; _builder_version=&#8221;3.17.6&#8243;][\/et_pb_gallery][\/et_pb_column][\/et_pb_row][\/et_pb_section]<\/p>\n","protected":false},"excerpt":{"rendered":"<p>Teaghlaig &nbsp; T\u00e1 raon leathan d\u2019imeachta\u00ed spra\u00ed\u00fala don uile dhuine sa teaghlach le f\u00e1il i gCaisle\u00e1n Chill Chainnigh. T\u00e1 \u00e1r mbileoga gn\u00edomha\u00edochta le f\u00e1il saor in aisce agus is f\u00e9idir [&hellip;]<\/p>\n","protected":false},"author":1,"featured_media":0,"parent":0,"menu_order":0,"comment_status":"closed","ping_status":"closed","template":"","meta":{"_et_pb_use_builder":"on","_et_pb_old_content":"","_et_gb_content_width":"","footnotes":""},"class_list":["post-4650","page","type-page","status-publish","hentry"],"_links":{"self":[{"href":"https:\/\/www.kilkennycastle.ie\/ga\/wp-json\/wp\/v2\/pages\/4650","targetHints":{"allow":["GET"]}}],"collection":[{"href":"https:\/\/www.kilkennycastle.ie\/ga\/wp-json\/wp\/v2\/pages"}],"about":[{"href":"https:\/\/www.kilkennycastle.ie\/ga\/wp-json\/wp\/v2\/types\/page"}],"author":[{"embeddable":true,"href":"https:\/\/www.kilkennycastle.ie\/ga\/wp-json\/wp\/v2\/users\/1"}],"replies":[{"embeddable":true,"href":"https:\/\/www.kilkennycastle.ie\/ga\/wp-json\/wp\/v2\/comments?post=4650"}],"version-history":[{"count":0,"href":"https:\/\/www.kilkennycastle.ie\/ga\/wp-json\/wp\/v2\/pages\/4650\/revisions"}],"wp:attachment":[{"href":"https:\/\/www.kilkennycastle.ie\/ga\/wp-json\/wp\/v2\/media?parent=4650"}],"curies":[{"name":"wp","href":"https:\/\/api.w.org\/{rel}","templated":true}]}}

<p>[et_pb_section fb_built=&#8221;1&#8243; fullwidth=&#8221;on&#8221; _builder_version=&#8221;3.22&#8243;][et_pb_fullwidth_header title=&#8221;Oideachas&#8221; subhead=&#8221;Bealaí Éagsúla le Plé lenár mBailiúchán&#8221; text_orientation=&#8221;center&#8221; header_fullscreen=&#8221;on&#8221; header_scroll_down=&#8221;on&#8221; scroll_down_icon=&#8221;%%0%%&#8221; scroll_down_icon_size=&#8221;25px&#8221; background_overlay_color=&#8221;rgba(0,0,0,0.33)&#8221; _builder_version=&#8221;3.19.17&#8243; title_font_size=&#8221;50px&#8221; subhead_font_size=&#8221;23px&#8221; background_color=&#8221;rgba(255, 255, 255, 0)&#8221; background_image=&#8221;http://kilkennycastle.ie/wp-content/uploads/2019/02/education-banner.jpg&#8221; max_width_tablet=&#8221;50px&#8221; button_one_text_size__hover_enabled=&#8221;off&#8221; button_one_text_size__hover=&#8221;null&#8221; button_two_text_size__hover_enabled=&#8221;off&#8221; button_two_text_size__hover=&#8221;null&#8221; button_one_text_color__hover_enabled=&#8221;off&#8221; button_one_text_color__hover=&#8221;null&#8221; button_two_text_color__hover_enabled=&#8221;off&#8221; button_two_text_color__hover=&#8221;null&#8221; button_one_border_width__hover_enabled=&#8221;off&#8221; button_one_border_width__hover=&#8221;null&#8221; button_two_border_width__hover_enabled=&#8221;off&#8221; button_two_border_width__hover=&#8221;null&#8221; button_one_border_color__hover_enabled=&#8221;off&#8221; button_one_border_color__hover=&#8221;null&#8221; button_two_border_color__hover_enabled=&#8221;off&#8221; button_two_border_color__hover=&#8221;null&#8221; button_one_border_radius__hover_enabled=&#8221;off&#8221; button_one_border_radius__hover=&#8221;null&#8221; button_two_border_radius__hover_enabled=&#8221;off&#8221; button_two_border_radius__hover=&#8221;null&#8221; button_one_letter_spacing__hover_enabled=&#8221;on&#8221; button_one_letter_spacing__hover=&#8221;0&#8243; button_two_letter_spacing__hover_enabled=&#8221;on&#8221; button_two_letter_spacing__hover=&#8221;0&#8243; button_one_bg_color__hover_enabled=&#8221;off&#8221; button_one_bg_color__hover=&#8221;null&#8221; button_two_bg_color__hover_enabled=&#8221;off&#8221; button_two_bg_color__hover=&#8221;null&#8221;][/et_pb_fullwidth_header][/et_pb_section][et_pb_section fb_built=&#8221;1&#8243; _builder_version=&#8221;3.22&#8243;][et_pb_row _builder_version=&#8221;4.9.0&#8243; background_size=&#8221;initial&#8221; background_position=&#8221;top_left&#8221; background_repeat=&#8221;repeat&#8221; hover_enabled=&#8221;0&#8243; column_structure=&#8221;3_5,2_5&#8243; sticky_enabled=&#8221;0&#8243;][et_pb_column type=&#8221;3_5&#8243; _builder_version=&#8221;3.0.47&#8243; custom_padding=&#8221;|||&#8221; custom_padding__hover=&#8221;|||&#8221;][et_pb_text admin_label=&#8221;Free Visits Text&#8221; _builder_version=&#8221;3.27.4&#8243; background_size=&#8221;initial&#8221; background_position=&#8221;top_left&#8221; background_repeat=&#8221;repeat&#8221; use_border_color=&#8221;off&#8221;]</p>
<h3>Teaghlaig</h3>
<p>&nbsp;</p>
<p>Tá raon leathan d’imeachtaí spraíúla don uile dhuine sa teaghlach le fáil i gCaisleán Chill Chainnigh. Tá ár mbileoga gníomhaíochta le fáil saor in aisce agus is féidir iad a íoslódáil ag an leathanach a leanas</p>
<p>Tá spraoi agus spleodar inár mbileoga oibre do thuismitheoirí agus do leanaí araon. Cuideoidh na bileoga oibre leat éachtaint a fháil ar na seomraí seanré Victeoiriacha, sciuird a thabhairt ar an gCaisleán agus níos mó a fhoghlaim faoi mhuintir Buitléar a mhair anseo tráth.</p>
<p>Tá ceardlanna agus imeachtaí aonaracha anseo againn i gcaitheamh na bliana chomh maith.</p>
<p>Caith súil ar ár rannóg Cad Atá Ar Siúl chun a bheith suas le dáta linn.</p>
<p>&nbsp;</p>
<p>[/et_pb_text][/et_pb_column][et_pb_column type=&#8221;2_5&#8243; _builder_version=&#8221;3.0.47&#8243; custom_padding=&#8221;|||&#8221; custom_padding__hover=&#8221;|||&#8221;][et_pb_gallery _builder_version=&#8221;4.9.0&#8243; _module_preset=&#8221;default&#8221; gallery_ids=&#8221;5741&#8243; hover_enabled=&#8221;0&#8243; sticky_enabled=&#8221;0&#8243;][/et_pb_gallery][/et_pb_column][/et_pb_row][et_pb_row _builder_version=&#8221;3.25&#8243; background_size=&#8221;initial&#8221; background_position=&#8221;top_left&#8221; background_repeat=&#8221;repeat&#8221; column_structure=&#8221;3_5,2_5&#8243;][et_pb_column type=&#8221;3_5&#8243; _builder_version=&#8221;3.0.47&#8243; custom_padding=&#8221;|||&#8221; custom_padding__hover=&#8221;|||&#8221;][et_pb_text admin_label=&#8221;Free Visits Text&#8221; _builder_version=&#8221;3.27.4&#8243; background_size=&#8221;initial&#8221; background_position=&#8221;top_left&#8221; background_repeat=&#8221;repeat&#8221; use_border_color=&#8221;off&#8221;]</p>
<h3>Scoileanna</h3>
<p>Faoi Scéim um Chuairteanna Oideachais Saor in Aisce do Scoileanna an OOP cuirimid cuairteanna ar Chaisleán Chill Chainnigh ar fáil saor in aisce do bhunscoileanna agus iarbhunscoileanna. (Réamháirithint riachtanach).</p>
<p>Chun cuairt a chur in áirithe nó le haghaidh tuilleadh eolais, bí i dteagmháil le hÁirithintí Grúpa</p>
<p>Teil. 056 770 4106</p>
<p>Rphost: bookingskilkennycastle@opw.ie</p>
<p>Eolas sa bhreis ar an Scéim um Chuairteanna Oideachais Saor in Aisce do Scoileanna:</p>
<p><a href="http://www.heritageireland.ie/" target="_blank" rel="noopener noreferrer">www.heritageireland.ie</a></p>
<p><a href="http://kilkennycastle.ie/wp-content/uploads/2018/11/caislean-chill-chainnigh-treoir-do-chuairteoiri.pdf">Caisleán Chill Chainnigh Treoir do Chuairteoirí</a> (PDF)<br />
[/et_pb_text][/et_pb_column][et_pb_column type=&#8221;2_5&#8243; _builder_version=&#8221;3.0.47&#8243; custom_padding=&#8221;|||&#8221; custom_padding__hover=&#8221;|||&#8221;][et_pb_image src=&#8221;http://kilkennycastle.ie/wp-content/uploads/2018/11/Tree-day.jpg&#8221; show_in_lightbox=&#8221;on&#8221; align_tablet=&#8221;center&#8221; align_phone=&#8221;&#8221; align_last_edited=&#8221;on|desktop&#8221; admin_label=&#8221;Park Image&#8221; _builder_version=&#8221;3.23&#8243;][/et_pb_image][/et_pb_column][/et_pb_row][et_pb_row _builder_version=&#8221;3.25&#8243; background_size=&#8221;initial&#8221; background_position=&#8221;top_left&#8221; background_repeat=&#8221;repeat&#8221;][et_pb_column type=&#8221;4_4&#8243; _builder_version=&#8221;3.0.47&#8243; custom_padding=&#8221;|||&#8221; custom_padding__hover=&#8221;|||&#8221;][et_pb_text _builder_version=&#8221;3.27.4&#8243;]</p>
<h3>Daoine Fásta agus an Pobal</h3>
<p>Tá clár imeachtaí fíorspéisiúil do leanaí agus do dhaoine fásta le spéiseanna, riachtanais agus stíleanna foghlamtha éagsúla ar bun i gcónaí ag Caisleán Chill Chainnigh. Tá cainteanna, léachtaí agus ceardlanna san áireamh sa chlár. Tá na gníomhaíochtaí oideachasúla go léir saor in aisce agus ba bhreá linn tú a fheiceáil ann!</p>
<p>Féach ar ár bhFéilire nó seiceáil ár suíomh Facebook maidir le cainteanna agus ceardlanna atá le teacht.</p>
<p>Tá na himeachtaí go léir saor in aisce ach is gá áirithint a dhéanamh uaireanta. Bí i dteagmháil linn chun áit a chur in áirithe.<br />
[/et_pb_text][/et_pb_column][/et_pb_row][et_pb_row _builder_version=&#8221;3.25&#8243; background_size=&#8221;initial&#8221; background_position=&#8221;top_left&#8221; background_repeat=&#8221;repeat&#8221;][et_pb_column type=&#8221;4_4&#8243; _builder_version=&#8221;3.0.47&#8243; custom_padding=&#8221;|||&#8221; custom_padding__hover=&#8221;|||&#8221;][et_pb_gallery gallery_ids=&#8221;4679,4677,4675,4673&#8243; zoom_icon_color=&#8221;#800020&#8243; _builder_version=&#8221;3.17.6&#8243;][/et_pb_gallery][/et_pb_column][/et_pb_row][/et_pb_section]</p>

<p>Teaghlaig &nbsp; Tá raon leathan d’imeachtaí spraíúla don uile dhuine sa teaghlach le fáil i gCaisleán Chill Chainnigh. Tá ár mbileoga gníomhaíochta le fáil saor in aisce agus is féidir [&hellip;]</p>
